?
39
Suppose 3*o + 2*o - 111 = 4*f, 0 = -3*o + f + 68. Suppose 497*v - 492*v + 2*d - 306 = 0, -2*d - 294 = -5*v. What is the remainder when v is divided by o?
14
Let c(s) = 37*s + 981. Calculate the remainder when c(5) is divided by 554.
58
Let v = -239 - -124. Calculate the remainder when 21 is divided by (44/(-6))/(-2)*(v - -118).
10
Suppose 3458 = 48*a - 22*a. Let p(k) = -108*k - 153. What is the remainder when a is divided by p(-2)?
7
Let u(j) = -77*j - 6450. Calculate the remainder when 736 is divided by u(-84).
16
Suppose 4*u + 6 + 4 = -2*s, 2*u - 4*s - 20 = 0. Suppose -5*c - 25 - 20 = u. Let l = 26 + c. Calculate the remainder when 28 is divided by l.
11
Let b = 17719 + -17125. What is the remainder when b is divided by 578?
16
Suppose 3*g - 7*g = -24. Suppose -20*i + 21*i = -g. Calculate the remainder when (-1 + -5)/(9/i) is divided by 4.
0
Suppose -3*w - 582 = -157*o + 156*o, -2358 = -4*o - 3*w. What is the remainder when o is divided by 232?
124
Suppose 4*y = -5*y - 0*y. Suppose 8*q - 2*q - 1320 = y. Calculate the remainder when q is divided by 37.
35
Suppose 68 = -4*x + 900. What is the remainder when 40 is divided by -2 + 2/(-1) + x/13?
4
Suppose 14*p = -137 + 515. What is the remainder when 60 is divided by p?
6
Let l(i) = -16*i - 9*i**2 - 37 + 32*i**2 + 0*i**3 - i**3 - 1 - 22*i. Calculate the remainder when 780 is divided by l(21).
44
Suppose -7*f = 6 - 20. Suppose -2*q - 9 = -g - 55, 3*g = 4*q - 96. What is the remainder when (-1318)/(-22) + f/22 is divided by q?
18
Let i be (-3)/(-18)*0*-1. Suppose 8*o - 182 - 322 = i. What is the remainder when 250 is divided by o?
61
Suppose -79*b + 63*b + 528 = 0. Calculate the remainder when 241 is divided by b.
10
Suppose 4*o - 31*x + 27*x - 1608 = 0, 0 = x - 4. Calculate the remainder when o is divided by 55.
21
Suppose 62*d - 2480 = 70*d. Let w = -275 - d. Suppose 0 = -5*s + 13 + 77. What is the remainder when w is divided by s?
17
Suppose 5*i - 68 = -18. Suppose -i*n + 40 = -70. Suppose 1 = -2*b + n. What is the remainder when 13 is divided by b?
3
Let d = 167 - 152. Let i = 46 - 28. Suppose 6*z + i = 48. Calculate the remainder when d is divided by z.
0
Suppose -9*k = -5974 + 826. Let v = -553 + k. Calculate the remainder when 529 is divided by v.
16
Suppose -4*i - 3*a + 1597 = -0*i, 0 = -i - a + 401. What is the remainder when i is divided by 23?
3
Let p = -29 - -32. Suppose -4*g + 25 = 5*k, -8 = p*g - 3*k + 7. Calculate the remainder when 4 is divided by g*(-1)/(-2) - -3.
1
Let y be 4 - (30/(-42) - 4/14). Suppose 0*t = -t - y*t. Suppose t = -5*g + 301 - 81. Calculate the remainder when 175 is divided by g.
43
Suppose 34 = 17*y - 2941. What is the remainder when 854 is divided by y?
154
Let o = -791 - -828. Let v = o + -31. Calculate the remainder when 25 is divided by v.
1
Calculate the remainder when (2/3 - (-10096)/(-24))*(16 - 17) is divided by 103.
8
Let n = -240 + 243. What is the remainder when 58 is divided by (-4 - n - -18) + -2?
4
Suppose 5*s + 4 = -4*y, 4*y - 2 + 6 = -s. Let d(b) = -b + 5. What is the remainder when 51*((-40)/6 + (-32 - -23 - -16)) is divided by d(s)?
2
What is the remainder when 1300 is divided by (-2 - (-3 + 2))/1 - 100/(-10)?
4
Let n = -28 - -34. Suppose -649 = -n*a + 17. Let b = 31 - 17. Calculate the remainder when a is divided by b.
13
What is the remainder when -4*(2802/4)/(-3) is divided by 63?
52
Let z(o) = -347*o - 74. Let w be z(-2). Suppose 3*y = -n + w, 4*y + 5*n - 10*n = 833. What is the remainder when y is divided by 47?
19
Suppose 3*n = 8 + 7. Let c = 94 - 94. What is the remainder when n is divided by (-6)/3 + (c - -4)?
1
Let i = -30 - -91. Let r = -51 + i. Suppose -4*h + 4*o - 293 = -9*h, 3*h - 5*o - 161 = 0. What is the remainder when h is divided by r?
7
Suppose 5*b - q - 5209 = 0, 18*q - 4202 = -4*b + 13*q. What is the remainder when b is divided by 12?
11
Suppose 5*n - 175 = 5*i, 0 = 2*n - 5*n - 12. Let s = i + 57. Suppose -5*x = 3*t - 169, 0 = 4*x + t - 0*t - 131. Calculate the remainder when x is divided by s.
14
Let i = 9891 - 9811. What is the remainder when 1761 is divided by i?
1
What is the remainder when 201 is divided by ((-14)/12 - -1) + (-7791)/(-954)?
1
Let c(a) = 5*a + 12. Let r(k) be the third derivative of -k**6/120 + k**5/30 + k**4/24 + k**3/6 + 7*k**2. What is the remainder when c(9) is divided by r(-2)?
12
Suppose -f = -m - 0*f + 37, -5*m + 175 = -3*f. What is the remainder when 946/10 + 12*1/(-20) is divided by m?
30
Let h = 7852 + -7536. Calculate the remainder when 640 is divided by h.
8
Let d be ((-1440)/(-10))/((-1)/2 - -2). Let v = -91 + d. Suppose 0 = 3*u + j - 215, -3*j - 150 = -2*u - v*j. What is the remainder when u is divided by 12?
10
Let c(l) = 11*l**2 + 4*l + 64. Let j(h) = -2*h**2 + 2*h + 1. Let y(a) = c(a) + 6*j(a). What is the remainder when 142 is divided by y(19)?
12
Calculate the remainder when 101 + (-5)/(25/10) is divided by 1*(-8 - -6)*-25.
49
Let b(s) = 27*s + 1451. What is the remainder when 818 is divided by b(-52)?
19
Let a(c) = -2*c + 37. Let u be a(9). Suppose -1127 + 253 = -u*f. What is the remainder when 131 is divided by f?
39
Let j = 602 + -600. Suppose -2*v = v - 72. What is the remainder when (-1)/j + -2*(-558)/v is divided by 6?
4
Suppose -5*u = -1198 + 983. Calculate the remainder when 1805 is divided by u.
42
Suppose 1382*i + 11764 = 1399*i. Calculate the remainder when i is divided by 89.
69
Let u = -39684 - -40089. What is the remainder when u is divided by 97?
17
Suppose 4 = -10*f - 6. Let z be -6 + 1 + 2 - f. What is the remainder when 43 is divided by -3*((-66)/9 - z)?
11
Let t = 90 + -42. Let o = t - -65. Suppose 0 = -5*n + x + 148, 214*n - 219*n + 151 = -2*x. What is the remainder when o is divided by n?
26
Suppose -j + 62 = p - 6*j, 3*p + 4*j - 110 = 0. Suppose m + 20 = -55. Let f = m + 86. Calculate the remainder when p is divided by f.
9
Let b be (-266)/(-6) + 4/(-12). Suppose -5*v = -v - b. What is the remainder when (-2*3/2)/((-12)/124) is divided by v?
9
Suppose 62*y + 60 = 77*y. Suppose 0 = -n - u + 72, -2*n + y*u = -0*u - 174. What is the remainder when n is divided by 18?
5
Suppose 43*d - 18*d - 6*d - 380 = 0. What is the remainder when 2021 is divided by d?
1
Let s = -24201 + 24648. What is the remainder when s is divided by 32?
31
Let u = 30947 - 30731. Calculate the remainder when 2604 is divided by u.
12
Let r(f) = -47*f**3 + f**2 - 22*f - 22. Calculate the remainder when 1199 is divided by r(-1).
47
Let i(b) = 4*b - 29. Let l be i(4). Let t(z) = -z**3 - 12*z**2 + 4*z - 41. Calculate the remainder when t(l) is divided by 40.
36
Let w be -18*(-8)/9*(-13 - -1). Let d = -124 - w. Suppose 4*b - 30 = 5*k - 84, 3*b = -4*k + d. Calculate the remainder when 27 is divided by k.
13
Suppose 8*s - 3*f = 4*s + 27, 0 = -3*s - 2*f - 1. Suppose s*w = -y + 37, 0*w - 4*w - 16 = 0. What is the remainder when 62 is divided by y?
13
Suppose 2344 = 4*t - c - 1094, 0 = -t - 5*c + 828. What is the remainder when 1720 is divided by t?
4
Let m = 139 - 75. Let j = -57 + m. What is the remainder when (-260)/15*9/(-6) is divided by j?
5
Suppose -2*r + 169 = -197 + 338. Let b(a) = 3*a**2 + 4*a - 6. What is the remainder when b(-5) is divided by r?
7
Suppose -c - 2*c = 3*r - 1356, -4*c - 2*r = -1810. Suppose -4*z + 11*u = 9*u - 260, 2*u = 0. Calculate the remainder when c is divided by z.
63
Suppose 0 = -5*f + u + 1390, 10*f - 3*u + 1946 = 17*f. Calculate the remainder when f is divided by 48.
38
Suppose -11 = 5*f - 176. Suppose -140*d = -143*d + f. Calculate the remainder when 29 is divided by d.
7
Let n = 9814 + -9684. Calculate the remainder when 771 is divided by n.
121
Suppose -6*c + 353 = 857. Let r = 103 + c. Let w = 4 - -1. What is the remainder when r is divided by w?
4
Let g(n) = -6*n**2 + 6*n + 5. Let d be g(-4). Let k = -24 - d. What is the remainder when k is divided by (43 - 0) + (4 - 1)?
45
Suppose 9*q = 5*q + 4, 4035 = 5*b - 5*q. Calculate the remainder when b is divided by 99.
16
Suppose 5*r + h = -14, -r + 3*r = 2*h + 4. Let i be ((-15)/(-6) + -4)*5*r. Let x = 33 - i. Calculate the remainder when 52 is divided by x.
16
Calculate the remainder when (69/(-6))/(3/(-588)) is divided by 379.
359
Let r(c) = -5*c**2 - 21*c + 7. Let t be r(-5). Let z = t + 300. Calculate the r